{"id":2822,"date":"2022-10-17T12:38:48","date_gmt":"2022-10-17T12:38:48","guid":{"rendered":"https:\/\/alidropship.unedemo.online\/index.php\/product\/t-shirt-a-manches-courtes-pour-homme-vetement-de-sport-decontracte-blanc-surdimensionne-3xl-collection-ete-2022-3\/"},"modified":"2022-10-17T12:38:50","modified_gmt":"2022-10-17T12:38:50","slug":"t-shirt-a-manches-courtes-pour-homme-vetement-de-sport-decontracte-blanc-surdimensionne-3xl-collection-ete-2022-3","status":"publish","type":"product","link":"https:\/\/alidropship.unedemo.online\/index.php\/product\/t-shirt-a-manches-courtes-pour-homme-vetement-de-sport-decontracte-blanc-surdimensionne-3xl-collection-ete-2022-3\/","title":{"rendered":"T-shirt \u00e0 manches courtes pour homme, v\u00eatement de Sport, d\u00e9contract\u00e9, blanc, surdimensionn\u00e9 3XL, collection \u00e9t\u00e9 2022"},"content":{"rendered":"\n<div class=\"product-specs-list-container\">\n<ul class=\"product-specs-list util-clearfix\">\n<li class=\"product-prop line-limit-length\"><span class=\"property-title\">Nom de marque:&nbsp;<\/span><span class=\"property-desc line-limit-length\">Lance Donovan<\/span>\n                        <\/li>\n<li class=\"product-prop line-limit-length\"><span class=\"property-title\">Applicable Scene:&nbsp;<\/span><span class=\"property-desc line-limit-length\">Daily<\/span>\n                        <\/li>\n<li class=\"product-prop line-limit-length\"><span class=\"property-title\">Longueur de Manche (cm):&nbsp;<\/span><span class=\"property-desc line-limit-length\">SHORT<\/span>\n                        <\/li>\n<li class=\"product-prop line-limit-length\"><span class=\"property-title\">Origine:&nbsp;<\/span><span class=\"property-desc line-limit-length\">CN (Origine)<\/span>\n                        <\/li>\n<li class=\"product-prop line-limit-length\"><span class=\"property-title\">Mat\u00e9riau:&nbsp;<\/span><span class=\"property-desc line-limit-length\">POLYESTER,spandex<\/span>\n                        <\/li>\n<li class=\"product-prop line-limit-length\"><span class=\"property-title\">Saison Applicable:&nbsp;<\/span><span class=\"property-desc line-limit-length\">summer<\/span>\n                        <\/li>\n<li class=\"product-prop line-limit-length\"><span class=\"property-title\">Style:&nbsp;<\/span><span class=\"property-desc line-limit-length\">STYLE ANGLETERRE<\/span>\n                        <\/li>\n<li class=\"product-prop line-limit-length\"><span class=\"property-title\">Collier:&nbsp;<\/span><span class=\"property-desc line-limit-length\">Col rond<\/span>\n                        <\/li>\n<li class=\"product-prop line-limit-length\"><span class=\"property-title\">Type D&#8217;article:&nbsp;<\/span><span class=\"property-desc line-limit-length\">tops<\/span>\n                        <\/li>\n<li class=\"product-prop line-limit-length\"><span class=\"property-title\">Type de Veste:&nbsp;<\/span><span class=\"property-desc line-limit-length\">TEE<\/span>\n                        <\/li>\n<li class=\"product-prop line-limit-length\"><span class=\"property-title\">Style de Manches:&nbsp;<\/span><span class=\"property-desc line-limit-length\">NONE<\/span>\n                        <\/li>\n<li class=\"product-prop line-limit-length\"><span class=\"property-title\">\u00c0 capuche:&nbsp;<\/span><span class=\"property-desc line-limit-length\">Pas de<\/span>\n                        <\/li>\n<li class=\"product-prop line-limit-length\"><span class=\"property-title\">Type de tissu:&nbsp;<\/span><span class=\"property-desc line-limit-length\">Drap fin<\/span>\n                        <\/li>\n<li class=\"product-prop line-limit-length\"><span class=\"property-title\">Sexe:&nbsp;<\/span><span class=\"property-desc line-limit-length\">MEN<\/span>\n                        <\/li>\n<li class=\"product-prop line-limit-length\"><span class=\"property-title\">Type de Motif:&nbsp;<\/span><span class=\"property-desc line-limit-length\">Patchwork<\/span>\n                        <\/li>\n<\/ul><\/div>\n<div class=\"detailmodule_html\">\n<div class=\"detail-desc-decorate-richtext\">\n<div class=\"detailmodule_html\">\n<div class=\"detail-desc-decorate-richtext\"><\/div>\n<\/div>\n<div class=\"detailmodule_html\">\n<div class=\"detail-desc-decorate-richtext\">\n<div class=\"detailmodule_html\">\n<div class=\"detail-desc-decorate-richtext\"><\/div>\n<\/div>\n<div class=\"detailmodule_html\">\n<div class=\"detail-desc-decorate-richtext\">\n<div class=\"detailmodule_html\">\n<div class=\"detail-desc-decorate-richtext\">\n<div><\/div>\n<p><img src=\"https:\/\/ae01.alicdn.com\/kf\/H1dd0f272218d440b9da3b888c6bf5e14G.jpg\" \/><\/p>\n<div><\/div>\n<div><img src=\"https:\/\/ae01.alicdn.com\/kf\/S5fe2e9b10b7844c3903156804c7b66b24.jpg\" \/><img src=\"https:\/\/ae01.alicdn.com\/kf\/Sefb5b0a9169443df806bd78e13f24c9ak.jpg\" \/><img src=\"https:\/\/ae01.alicdn.com\/kf\/S45c87dc4518b4b4e8b9a1e172608bdfag.jpg\" \/><img src=\"https:\/\/ae01.alicdn.com\/kf\/Sfcac20c01aaa48e386a36699e9fc04bcn.jpg\" \/><img src=\"https:\/\/ae01.alicdn.com\/kf\/S07705af40916405c88e1436bd2457048W.jpg\" \/><img src=\"https:\/\/ae01.alicdn.com\/kf\/S7f4c6682cb7e43e3a786382fdffc466fn.jpg\" \/><img src=\"https:\/\/ae01.alicdn.com\/kf\/Sa8b08f825d4a46a08488c7d5423155638.jpg\" \/><\/div>\n<p><\/p>\n<\/div>\n<\/div>\n<\/div>\n<\/div>\n<\/div>\n<\/div>\n<p><\/p>\n<\/div>\n<\/div>\n","protected":false},"excerpt":{"rendered":"<p>Nom de marque:&nbsp;Lance Donovan Applicable Scene:&nbsp;Daily Longueur de Manche (cm):&nbsp;SHORT Origine:&nbsp;CN (Origine) Mat\u00e9riau:&nbsp;POLYESTER,spandex Saison Applicable:&nbsp;summer Style:&nbsp;STYLE ANGLETERRE Collier:&nbsp;Col rond Type D&#8217;article:&nbsp;tops Type de Veste:&nbsp;TEE Style de Manches:&nbsp;NONE \u00c0 capuche:&nbsp;Pas de Type de tissu:&nbsp;Drap fin Sexe:&nbsp;MEN Type de Motif:&nbsp;Patchwork<\/p>\n","protected":false},"featured_media":276,"comment_status":"open","ping_status":"closed","template":"","meta":{"om_disable_all_campaigns":false,"_monsterinsights_skip_tracking":false,"_monsterinsights_sitenote_active":false,"_monsterinsights_sitenote_note":"","_monsterinsights_sitenote_category":0},"product_cat":[],"product_tag":[],"aioseo_notices":[],"_links":{"self":[{"href":"https:\/\/alidropship.unedemo.online\/index.php\/wp-json\/wp\/v2\/product\/2822"}],"collection":[{"href":"https:\/\/alidropship.unedemo.online\/index.php\/wp-json\/wp\/v2\/product"}],"about":[{"href":"https:\/\/alidropship.unedemo.online\/index.php\/wp-json\/wp\/v2\/types\/product"}],"replies":[{"embeddable":true,"href":"https:\/\/alidropship.unedemo.online\/index.php\/wp-json\/wp\/v2\/comments?post=2822"}],"wp:featuredmedia":[{"embeddable":true,"href":"https:\/\/alidropship.unedemo.online\/index.php\/wp-json\/wp\/v2\/media\/276"}],"wp:attachment":[{"href":"https:\/\/alidropship.unedemo.online\/index.php\/wp-json\/wp\/v2\/media?parent=2822"}],"wp:term":[{"taxonomy":"product_cat","embeddable":true,"href":"https:\/\/alidropship.unedemo.online\/index.php\/wp-json\/wp\/v2\/product_cat?post=2822"},{"taxonomy":"product_tag","embeddable":true,"href":"https:\/\/alidropship.unedemo.online\/index.php\/wp-json\/wp\/v2\/product_tag?post=2822"}],"curies":[{"name":"wp","href":"https:\/\/api.w.org\/{rel}","templated":true}]}}