{"id":3027,"date":"2022-10-18T07:31:10","date_gmt":"2022-10-18T07:31:10","guid":{"rendered":"https:\/\/alidropship.unedemo.online\/index.php\/product\/2021-new-mens-sportswear-summer-suit-mens-fitness-suit-sports-suit-short-sleeved-t-shirt-shorts-quick-drying-2-piece-print\/"},"modified":"2022-11-01T07:04:07","modified_gmt":"2022-11-01T07:04:07","slug":"2021-new-mens-sportswear-summer-suit-mens-fitness-suit-sports-suit-short-sleeved-t-shirt-shorts-quick-drying-2-piece-print","status":"publish","type":"product","link":"https:\/\/alidropship.unedemo.online\/index.php\/product\/2021-new-mens-sportswear-summer-suit-mens-fitness-suit-sports-suit-short-sleeved-t-shirt-shorts-quick-drying-2-piece-print\/","title":{"rendered":"2021 new men&#8217;s sportswear summer suit men&#8217;s fitness suit sports suit short-sleeved T-shirt shorts quick-drying 2-piece print"},"content":{"rendered":"<p>&nbsp;<\/p>\n<div class=\"product-specs-list-container\">\n<ul class=\"product-specs-list util-clearfix\">\n<li class=\"product-prop line-limit-length\"><span class=\"property-title\"><span style=\"vertical-align: inherit;\"><span style=\"vertical-align: inherit;\">Sc\u00e8ne applicable :\u00a0 <\/span><\/span><\/span><span class=\"property-desc line-limit-length\"><span style=\"vertical-align: inherit;\"><span style=\"vertical-align: inherit;\">d\u00e9contract\u00e9 .<\/span><\/span><\/span><\/li>\n<li class=\"product-prop line-limit-length\"><span class=\"property-title\"><span style=\"vertical-align: inherit;\"><span style=\"vertical-align: inherit;\">Style:\u00a0 <\/span><\/span><\/span><span class=\"property-desc line-limit-length\"><span style=\"vertical-align: inherit;\"><span style=\"vertical-align: inherit;\">D\u00e9contract\u00e9<\/span><\/span><\/span><\/li>\n<li class=\"product-prop line-limit-length\"><span class=\"property-title\"><span style=\"vertical-align: inherit;\"><span style=\"vertical-align: inherit;\">Origine :\u00a0 <\/span><\/span><\/span><span class=\"property-desc line-limit-length\"><span style=\"vertical-align: inherit;\"><span style=\"vertical-align: inherit;\">Chine continentale<\/span><\/span><\/span><\/li>\n<li class=\"product-prop line-limit-length\"><span class=\"property-title\"><span style=\"vertical-align: inherit;\"><span style=\"vertical-align: inherit;\">CN\u00a0:\u00a0 <\/span><\/span><\/span><span class=\"property-desc line-limit-length\"><span style=\"vertical-align: inherit;\"><span style=\"vertical-align: inherit;\">Zhejiang<\/span><\/span><\/span><\/li>\n<li class=\"product-prop line-limit-length\"><span class=\"property-title\"><span style=\"vertical-align: inherit;\"><span style=\"vertical-align: inherit;\">Saison Applicable:\u00a0 <\/span><\/span><\/span><span class=\"property-desc line-limit-length\"><span style=\"vertical-align: inherit;\"><span style=\"vertical-align: inherit;\">Printemps et \u00c9t\u00e9<\/span><\/span><\/span><\/li>\n<li class=\"product-prop line-limit-length\"><span class=\"property-title\"><span style=\"vertical-align: inherit;\"><span style=\"vertical-align: inherit;\">Mat\u00e9riel:\u00a0 <\/span><\/span><\/span><span class=\"property-desc line-limit-length\"><span style=\"vertical-align: inherit;\"><span style=\"vertical-align: inherit;\">Autre<\/span><\/span><\/span><\/li>\n<li class=\"product-prop line-limit-length\"><span class=\"property-title\"><span style=\"vertical-align: inherit;\"><span style=\"vertical-align: inherit;\">Col:\u00a0 <\/span><\/span><\/span><span class=\"property-desc line-limit-length\"><span style=\"vertical-align: inherit;\"><span style=\"vertical-align: inherit;\">O-cou<\/span><\/span><\/span><\/li>\n<li class=\"product-prop line-limit-length\"><span class=\"property-title\"><span style=\"vertical-align: inherit;\"><span style=\"vertical-align: inherit;\">Type de fermeture\u00a0:\u00a0 <\/span><\/span><\/span><span class=\"property-desc line-limit-length\"><span style=\"vertical-align: inherit;\"><span style=\"vertical-align: inherit;\">AUCUN<\/span><\/span><\/span><\/li>\n<li class=\"product-prop line-limit-length\"><span class=\"property-title\"><span style=\"vertical-align: inherit;\"><span style=\"vertical-align: inherit;\">Composition du mat\u00e9riau\u00a0:\u00a0 <\/span><\/span><\/span><span class=\"property-desc line-limit-length\"><span style=\"vertical-align: inherit;\"><span style=\"vertical-align: inherit;\">100\u00a0%<\/span><\/span><\/span><\/li>\n<li class=\"product-prop line-limit-length\"><span class=\"property-title\"><span style=\"vertical-align: inherit;\"><span style=\"vertical-align: inherit;\">Type de motif\u00a0:\u00a0 <\/span><\/span><\/span><span class=\"property-desc line-limit-length\"><span style=\"vertical-align: inherit;\"><span style=\"vertical-align: inherit;\">imprim\u00e9<\/span><\/span><\/span><\/li>\n<li class=\"product-prop line-limit-length\"><span class=\"property-title\"><span style=\"vertical-align: inherit;\"><span style=\"vertical-align: inherit;\">Type de fermeture de pantalon:\u00a0 <\/span><\/span><\/span><span class=\"property-desc line-limit-length\"><span style=\"vertical-align: inherit;\"><span style=\"vertical-align: inherit;\">Taille \u00e9lastique<\/span><\/span><\/span><\/li>\n<li class=\"product-prop line-limit-length\"><span class=\"property-title\"><span style=\"vertical-align: inherit;\"><span style=\"vertical-align: inherit;\">Longueur des manches (cm):\u00a0 <\/span><\/span><\/span><span class=\"property-desc line-limit-length\"><span style=\"vertical-align: inherit;\"><span style=\"vertical-align: inherit;\">moiti\u00e9<\/span><\/span><\/span><\/li>\n<li class=\"product-prop line-limit-length\"><span class=\"property-title\"><span style=\"vertical-align: inherit;\"><span style=\"vertical-align: inherit;\">Genre:\u00a0 <\/span><\/span><\/span><span class=\"property-desc line-limit-length\"><span style=\"vertical-align: inherit;\"><span style=\"vertical-align: inherit;\">HOMMES<\/span><\/span><\/span><\/li>\n<li class=\"product-prop line-limit-length\"><span class=\"property-title\"><span style=\"vertical-align: inherit;\"><span style=\"vertical-align: inherit;\">Lieu d&#8217;origine :\u00a0 <\/span><\/span><\/span><span class=\"property-desc line-limit-length\"><span style=\"vertical-align: inherit;\"><span style=\"vertical-align: inherit;\">Chine (continentale)<\/span><\/span><\/span><\/li>\n<li class=\"product-prop line-limit-length\"><span class=\"property-title\"><span style=\"vertical-align: inherit;\"><span style=\"vertical-align: inherit;\">Longueur du c\u00f4t\u00e9 ext\u00e9rieur:\u00a0 <\/span><\/span><\/span><span class=\"property-desc line-limit-length\"><span style=\"vertical-align: inherit;\"><span style=\"vertical-align: inherit;\">short<\/span><\/span><\/span><\/li>\n<li class=\"product-prop line-limit-length\"><span class=\"property-title\"><span style=\"vertical-align: inherit;\"><span style=\"vertical-align: inherit;\">D\u00e9coration:\u00a0 <\/span><\/span><\/span><span class=\"property-desc line-limit-length\"><span style=\"vertical-align: inherit;\"><span style=\"vertical-align: inherit;\">Poches<\/span><\/span><\/span><\/li>\n<\/ul>\n<\/div>\n<div class=\"detailmodule_dynamic\"><\/div>\n<div class=\"detailmodule_html\">\n<div class=\"detail-desc-decorate-richtext\">\n<div class=\"detailmodule_text-image\"><img class=\"detail-desc-decorate-image\" src=\"https:\/\/ae01.alicdn.com\/kf\/S382c6bef4c2547d2b2ff8e8e34e7710ak.jpg\" \/><br \/>\n<img class=\"detail-desc-decorate-image\" src=\"https:\/\/ae01.alicdn.com\/kf\/S846a5bb87dc640438f39a0141eb43addH.jpg\" \/><br \/>\n<img class=\"detail-desc-decorate-image\" src=\"https:\/\/ae01.alicdn.com\/kf\/S0fbbf0d29cf647f181b369c137a1606ak.jpg\" \/><br \/>\n<img class=\"detail-desc-decorate-image\" src=\"https:\/\/ae01.alicdn.com\/kf\/S59147acdcbf04405afe5cb15155f718bT.jpg\" \/><br \/>\n<img class=\"detail-desc-decorate-image\" src=\"https:\/\/ae01.alicdn.com\/kf\/S88c5e8f9b6c14c67bf1f49d0b4e8effd1.jpg\" \/><\/div>\n<div class=\"detailmodule_text-image\"><img class=\"detail-desc-decorate-image\" src=\"https:\/\/ae01.alicdn.com\/kf\/Sf48676126b7d495c834bccf236c26ef9P.jpg\" \/><br \/>\n<img class=\"detail-desc-decorate-image\" src=\"https:\/\/ae01.alicdn.com\/kf\/Sd0923d69615a4b359bba2447c7c17efd9.jpg\" \/><br \/>\n<img class=\"detail-desc-decorate-image\" src=\"https:\/\/ae01.alicdn.com\/kf\/S1bb4e8dabc4a408095d7eb761c813328H.jpg\" \/><br \/>\n<img class=\"detail-desc-decorate-image\" src=\"https:\/\/ae01.alicdn.com\/kf\/S83cfdd8952cd49449cb77e22de5e0ea2e.jpg\" \/><br \/>\n<img class=\"detail-desc-decorate-image\" src=\"https:\/\/ae01.alicdn.com\/kf\/Sea098f99dbd240e9bd52c0ba19527487A.jpg\" \/><br \/>\n<img class=\"detail-desc-decorate-image\" src=\"https:\/\/ae01.alicdn.com\/kf\/S43b03c138f024acfb4cbda349b3caa71h.jpg\" \/><br \/>\n<img class=\"detail-desc-decorate-image\" src=\"https:\/\/ae01.alicdn.com\/kf\/Sbb36a4e6e6364d67a2b2e907d548fdc1h.jpg\" \/><br \/>\n<img class=\"detail-desc-decorate-image\" src=\"https:\/\/ae01.alicdn.com\/kf\/Sa7f55e4a60f74fb6819e1ec5a41631dbe.jpg\" \/><br \/>\n<img class=\"detail-desc-decorate-image\" src=\"https:\/\/ae01.alicdn.com\/kf\/S6a738dd9e0fd4987ba0111d4c376f385L.jpg\" \/><br \/>\n<img class=\"detail-desc-decorate-image\" src=\"https:\/\/ae01.alicdn.com\/kf\/S53451f358f6b41d5ab95b8008891f08bf.jpg\" \/><\/div>\n<div class=\"detailmodule_text-image\"><img class=\"detail-desc-decorate-image\" src=\"https:\/\/ae01.alicdn.com\/kf\/Saab4b9b65624444d92d57a312176d4aaa.jpg\" \/><br \/>\n<img class=\"detail-desc-decorate-image\" src=\"https:\/\/ae01.alicdn.com\/kf\/S76f2042d944e4db9a849d380ccf6cb83o.jpg\" \/><\/div>\n<div class=\"detailmodule_text\"><\/div>\n<div class=\"detailmodule_text-image\"><\/div>\n<div class=\"detailmodule_text-image\"><\/div>\n<div class=\"detailmodule_text\"><\/div>\n<p>&nbsp;<\/p>\n<\/div>\n<\/div>\n","protected":false},"excerpt":{"rendered":"<p>&nbsp; Sc\u00e8ne applicable :\u00a0 d\u00e9contract\u00e9 . Style:\u00a0 D\u00e9contract\u00e9 Origine :\u00a0 Chine continentale CN\u00a0:\u00a0 Zhejiang Saison Applicable:\u00a0 Printemps et \u00c9t\u00e9 Mat\u00e9riel:\u00a0 Autre Col:\u00a0 O-cou Type de fermeture\u00a0:\u00a0 AUCUN Composition du mat\u00e9riau\u00a0:\u00a0 100\u00a0% Type de motif\u00a0:\u00a0 imprim\u00e9 Type de fermeture de pantalon:\u00a0 Taille \u00e9lastique Longueur des manches (cm):\u00a0 moiti\u00e9 Genre:\u00a0 HOMMES Lieu d&#8217;origine :\u00a0 Chine (continentale) Longueur [&hellip;]<\/p>\n","protected":false},"featured_media":3029,"comment_status":"open","ping_status":"closed","template":"","meta":{"om_disable_all_campaigns":false,"_monsterinsights_skip_tracking":false,"_monsterinsights_sitenote_active":false,"_monsterinsights_sitenote_note":"","_monsterinsights_sitenote_category":0},"product_cat":[377],"product_tag":[],"aioseo_notices":[],"_links":{"self":[{"href":"https:\/\/alidropship.unedemo.online\/index.php\/wp-json\/wp\/v2\/product\/3027"}],"collection":[{"href":"https:\/\/alidropship.unedemo.online\/index.php\/wp-json\/wp\/v2\/product"}],"about":[{"href":"https:\/\/alidropship.unedemo.online\/index.php\/wp-json\/wp\/v2\/types\/product"}],"replies":[{"embeddable":true,"href":"https:\/\/alidropship.unedemo.online\/index.php\/wp-json\/wp\/v2\/comments?post=3027"}],"wp:featuredmedia":[{"embeddable":true,"href":"https:\/\/alidropship.unedemo.online\/index.php\/wp-json\/wp\/v2\/media\/3029"}],"wp:attachment":[{"href":"https:\/\/alidropship.unedemo.online\/index.php\/wp-json\/wp\/v2\/media?parent=3027"}],"wp:term":[{"taxonomy":"product_cat","embeddable":true,"href":"https:\/\/alidropship.unedemo.online\/index.php\/wp-json\/wp\/v2\/product_cat?post=3027"},{"taxonomy":"product_tag","embeddable":true,"href":"https:\/\/alidropship.unedemo.online\/index.php\/wp-json\/wp\/v2\/product_tag?post=3027"}],"curies":[{"name":"wp","href":"https:\/\/api.w.org\/{rel}","templated":true}]}}