{"id":76,"date":"2022-10-10T15:34:16","date_gmt":"2022-10-10T15:34:16","guid":{"rendered":"https:\/\/alidropship.unedemo.online\/index.php\/product\/chemises-de-badminton-hommes-femmes-chemises-de-tennis-de-table-t-shirts-de-sport-de-course-a-pied-de-fitness-de-tennis-nouvelle-collection-2020\/"},"modified":"2022-10-10T15:34:23","modified_gmt":"2022-10-10T15:34:23","slug":"chemises-de-badminton-hommes-femmes-chemises-de-tennis-de-table-t-shirts-de-sport-de-course-a-pied-de-fitness-de-tennis-nouvelle-collection-2020","status":"publish","type":"product","link":"https:\/\/alidropship.unedemo.online\/index.php\/product\/chemises-de-badminton-hommes-femmes-chemises-de-tennis-de-table-t-shirts-de-sport-de-course-a-pied-de-fitness-de-tennis-nouvelle-collection-2020\/","title":{"rendered":"Chemises de Badminton hommes\/femmes, chemises de Tennis de Table, t-shirts de sport, de course \u00e0 pied, de Fitness, de Tennis, nouvelle collection 2020"},"content":{"rendered":"\n<div class=\"product-specs-list-container\">\n<ul class=\"product-specs-list util-clearfix\">\n<li class=\"product-prop line-limit-length\"><span class=\"property-title\">Nom de marque:&nbsp;<\/span><span class=\"property-desc line-limit-length\">HAMEK<\/span>\n                        <\/li>\n<li class=\"product-prop line-limit-length\"><span class=\"property-title\">Mat\u00e9riau:&nbsp;<\/span><span class=\"property-desc line-limit-length\">POLYESTER<\/span>\n                        <\/li>\n<li class=\"product-prop line-limit-length\"><span class=\"property-title\">Sexe:&nbsp;<\/span><span class=\"property-desc line-limit-length\">MEN<\/span>\n                        <\/li>\n<li class=\"product-prop line-limit-length\"><span class=\"property-title\">Longueur de Manche (cm):&nbsp;<\/span><span class=\"property-desc line-limit-length\">SHORT<\/span>\n                        <\/li>\n<li class=\"product-prop line-limit-length\"><span class=\"property-title\">Num\u00e9ro de Mod\u00e8le:&nbsp;<\/span><span class=\"property-desc line-limit-length\">3903<\/span>\n                        <\/li>\n<li class=\"product-prop line-limit-length\"><span class=\"property-title\">Caract\u00e9ristique:&nbsp;<\/span><span class=\"property-desc line-limit-length\">Antiboulochage,Anti-r\u00e9tr\u00e9cissement,anti-rides,respirant,S\u00c9CHAGE RAPIDE<\/span>\n                        <\/li>\n<li class=\"product-prop line-limit-length\"><span class=\"property-title\">Type D&#8217;article:&nbsp;<\/span><span class=\"property-desc line-limit-length\">Chemises<\/span>\n                        <\/li>\n<li class=\"product-prop line-limit-length\"><span class=\"property-title\">Ajustement:&nbsp;<\/span><span class=\"property-desc line-limit-length\">S&#8217;adapte \u00e0 la taille, prenez votre taille normale<\/span>\n                        <\/li>\n<li class=\"product-prop line-limit-length\"><span class=\"property-title\">Type de Sport:&nbsp;<\/span><span class=\"property-desc line-limit-length\">TENNIS<\/span>\n                        <\/li>\n<li class=\"product-prop line-limit-length\"><span class=\"property-title\">Type de tissu:&nbsp;<\/span><span class=\"property-desc line-limit-length\">Drap fin<\/span>\n                        <\/li>\n<\/ul><\/div>\n<div style=\", Arial, Helvetica, sans-serif, Heiti;font-size: 14px;font-style: normal;font-weight: normal;letter-spacing: normal;text-align: start;text-indent: 0px;text-transform: none\">\n<div>\n<\/div>\n<div>\n<span><strong><span style=\"font-size: 24px\">Une chemise pour femme ou homme. Seulement une chemise, veuillez le noter.<\/span><\/strong><\/span>\n<\/div>\n<div>\n<span><strong><span style=\"font-size: 24px\">1. Tous les d\u00e9tails de taille sont mesur\u00e9s manuellement, il pourrait donc y avoir des erreurs de donn\u00e9es de 1 \u00e0 2.5 cm;<\/span><\/strong><\/span>\n<\/div>\n<div>\n<span><strong><span style=\"font-size: 24px\">2. Ce sont des tailles asiatiques, pas des tailles am\u00e9ricaines ou europ\u00e9ennes<\/span><\/strong><\/span>\n<\/div>\n<div>\n<span><strong><span style=\"font-size: 24px\">3.3. Vous pouvez suivre vos colis sur le site web:<a href=\"https:\/\/global.cainiao.com\/\">Https:\/\/global.cainiao.com\/<\/a><\/span><\/strong><\/span>\n<\/div>\n<div>\n<span style=\"font-size: 36px;font-weight: 700\">Taille homme<\/span>\n<\/div>\n<div>\n<span style=\"font-size: 36px;font-weight: 700\"><img alt=\"HTB1KJPxctbJ8KJjy1zjq6yqapXa8\" src=\"https:\/\/ae01.alicdn.com\/kf\/H42262adabf714c47a94671f85ebad6cbC.jpg\" \/><\/span>\n<\/div>\n<div>\n<span style=\"font-size: 36px;font-weight: 700\">Taille femme<\/span>\n<\/div>\n<div>\n<span style=\"font-size: 36px;font-weight: 700\"><img alt=\"HTB1K8DxcDnI8KJjSszgq6A8ApXal\" src=\"https:\/\/ae01.alicdn.com\/kf\/Hd1bc15c89df44d64aa27990ff88bcb39R.jpg\" \/><\/span>\n<\/div>\n<div>\n<img alt=\"IMG_0194\" src=\"https:\/\/ae01.alicdn.com\/kf\/Hf8bbdeceb62f43fab80faac8000b392ep.jpg\" \/><img alt=\"IMG_0196\" src=\"https:\/\/ae01.alicdn.com\/kf\/Hce66a80aa38e4e828a7f090ed02ac6037.jpg\" \/><img alt=\"IMG_0197\" src=\"https:\/\/ae01.alicdn.com\/kf\/Hce8eccd3c0e344ee868dbc93aa9308e5u.jpg\" \/><img alt=\"IMG_0200\" src=\"https:\/\/ae01.alicdn.com\/kf\/H56eaa46ef9ce4e20bcdcf3dcb4691bd1K.jpg\" \/><img alt=\"IMG_0201\" src=\"https:\/\/ae01.alicdn.com\/kf\/H0e9dbc70ced643428870f16fe7548ed7y.jpg\" \/><img alt=\"IMG_0199\" src=\"https:\/\/ae01.alicdn.com\/kf\/H2412b747b4cc4ac6bb3bc06a63b0e3ffF.jpg\" \/><img alt=\"IMG_0202\" src=\"https:\/\/ae01.alicdn.com\/kf\/Hbcd4a981723e4b6d99331a3aea4ba0981.jpg\" \/><img alt=\"IMG_0203\" src=\"https:\/\/ae01.alicdn.com\/kf\/H520725edf01d42a590be6fdc5817b40dU.jpg\" \/><img alt=\"IMG_0204\" src=\"https:\/\/ae01.alicdn.com\/kf\/Hfc7fa8be958e4519a6c47842076768c2E.jpg\" \/><img alt=\"IMG_0208\" src=\"https:\/\/ae01.alicdn.com\/kf\/H4dbae8bc0d714b31b93ee753ffb0fcb8Q.jpg\" \/><img alt=\"IMG_0209\" src=\"https:\/\/ae01.alicdn.com\/kf\/H85f5db6fdb6f41e9b69c80385d461eb7c.jpg\" \/><img alt=\"IMG_0206\" src=\"https:\/\/ae01.alicdn.com\/kf\/H1b43d88c480845bf9611a1bc0c165f7ab.jpg\" \/><img alt=\"IMG_0329\" src=\"https:\/\/ae01.alicdn.com\/kf\/H54ffce4bb6eb49c4bccf5dbab7067b806.jpg\" \/><img alt=\"IMG_0330\" src=\"https:\/\/ae01.alicdn.com\/kf\/H1d5bb055e1044e40be299826bda8edceq.jpg\" \/><img alt=\"IMG_0335\" src=\"https:\/\/ae01.alicdn.com\/kf\/H70bf40fe3fda4eadba8379bdb3cdca508.jpg\" \/><img alt=\"IMG_0331\" src=\"https:\/\/ae01.alicdn.com\/kf\/Hac755d73d02a4704a5dce56f6db4aee5u.jpg\" \/><img alt=\"IMG_0332\" src=\"https:\/\/ae01.alicdn.com\/kf\/H684b59cbfe54430081c216f48752d4feM.jpg\" \/><img alt=\"IMG_0333\" src=\"https:\/\/ae01.alicdn.com\/kf\/Ha6df3f644cb14a5e97b07fdbe3e0466ay.jpg\" \/><img alt=\"IMG_0334\" src=\"https:\/\/ae01.alicdn.com\/kf\/H602e51e59b354b23802cfc4427100a21B.jpg\" \/><img alt=\"IMG_0336\" src=\"https:\/\/ae01.alicdn.com\/kf\/Hc37f7eff8500427dbb0e7de0a9a965c60.jpg\" \/>\n<\/div>\n<\/div>\n","protected":false},"excerpt":{"rendered":"<p>Nom de marque:&nbsp;HAMEK Mat\u00e9riau:&nbsp;POLYESTER Sexe:&nbsp;MEN Longueur de Manche (cm):&nbsp;SHORT Num\u00e9ro de Mod\u00e8le:&nbsp;3903 Caract\u00e9ristique:&nbsp;Antiboulochage,Anti-r\u00e9tr\u00e9cissement,anti-rides,respirant,S\u00c9CHAGE RAPIDE Type D&#8217;article:&nbsp;Chemises Ajustement:&nbsp;S&#8217;adapte \u00e0 la taille, prenez votre taille normale Type de Sport:&nbsp;TENNIS Type de tissu:&nbsp;Drap fin Une chemise pour femme ou homme. Seulement une chemise, veuillez le noter. 1. Tous les d\u00e9tails de taille sont mesur\u00e9s manuellement, il pourrait donc [&hellip;]<\/p>\n","protected":false},"featured_media":78,"comment_status":"open","ping_status":"closed","template":"","meta":{"om_disable_all_campaigns":false,"_monsterinsights_skip_tracking":false,"_monsterinsights_sitenote_active":false,"_monsterinsights_sitenote_note":"","_monsterinsights_sitenote_category":0},"product_cat":[],"product_tag":[],"aioseo_notices":[],"_links":{"self":[{"href":"https:\/\/alidropship.unedemo.online\/index.php\/wp-json\/wp\/v2\/product\/76"}],"collection":[{"href":"https:\/\/alidropship.unedemo.online\/index.php\/wp-json\/wp\/v2\/product"}],"about":[{"href":"https:\/\/alidropship.unedemo.online\/index.php\/wp-json\/wp\/v2\/types\/product"}],"replies":[{"embeddable":true,"href":"https:\/\/alidropship.unedemo.online\/index.php\/wp-json\/wp\/v2\/comments?post=76"}],"wp:featuredmedia":[{"embeddable":true,"href":"https:\/\/alidropship.unedemo.online\/index.php\/wp-json\/wp\/v2\/media\/78"}],"wp:attachment":[{"href":"https:\/\/alidropship.unedemo.online\/index.php\/wp-json\/wp\/v2\/media?parent=76"}],"wp:term":[{"taxonomy":"product_cat","embeddable":true,"href":"https:\/\/alidropship.unedemo.online\/index.php\/wp-json\/wp\/v2\/product_cat?post=76"},{"taxonomy":"product_tag","embeddable":true,"href":"https:\/\/alidropship.unedemo.online\/index.php\/wp-json\/wp\/v2\/product_tag?post=76"}],"curies":[{"name":"wp","href":"https:\/\/api.w.org\/{rel}","templated":true}]}}